{"id":5220,"date":"2025-06-08T13:40:37","date_gmt":"2025-06-08T13:40:37","guid":{"rendered":"https:\/\/altaroda.es\/product\/x-mode-19-gloss-black\/"},"modified":"2025-06-08T13:40:58","modified_gmt":"2025-06-08T13:40:58","slug":"x-mode-19-gloss-black","status":"publish","type":"product","link":"https:\/\/altaroda.es\/fr\/product\/x-mode-19-gloss-black\/","title":{"rendered":"X-MODE 19 GLOSS BLACK"},"content":{"rendered":"<p>9J19 X-MODE\/IZ2X ET37 5X120 74,1 GBO.E. (BMW) Compat\u00edvel com tampa central Pe\u00e7a Nr.. 36136783536Notas:<br \/>\n                     &#8211; Pre\u00e7o unit\u00e1rio;<br \/>\n                     &#8211; IVA \u00e0 taxa em vigor inclu\u00eddo no pre\u00e7o;<br \/>\n                     &#8211; Limitado ao stock existente;<br \/>\n                     &#8211; Disponibilidade e pre\u00e7o carece de re-confirma\u00e7\u00e3o.<\/p>","protected":false},"excerpt":{"rendered":"<p>9J19 X-MODE\/IZ2X ET37 5X120 74,1 GBO.E. (BMW) Compat\u00edvel com tampa central Pe\u00e7a Nr.. 36136783536Notas:<br \/>\n                     &#8211; Pre\u00e7o unit\u00e1rio;<br \/>\n                     &#8211; IVA \u00e0 taxa em vigor inclu\u00eddo no pre\u00e7o;<br \/>\n                     &#8211; Limitado ao stock existente;<br \/>\n                     &#8211; Disponibilidade e pre\u00e7o carece de re-confirma\u00e7\u00e3o.<\/p>","protected":false},"featured_media":5222,"comment_status":"closed","ping_status":"open","template":"","meta":{"_acf_changed":false},"product_brand":[],"product_cat":[1124,1119,1120,10105,1123,1118,10106,1121,1116,10110,10111,4859,10112,4858,10108,10113,10109,10107,1132,1127,10115,1130,1125,1133,1128,10114,1129,10117,10122,4915,10118,10116,10119,10120,10121,4916,1163,1158,10123,1159,1155,1162,1157,1160,10124,5014,5013,10130,10126,10131,10127,10125,10128,10129,1168,1171,1166,1169,1164,1172,1167,10132,10133,10134,1181,1176,10135,1177,1180,1175,1178,1173,1189,1197,1192,10136,1193,1196,1191,10137,1194,1220,1215,5068,1216,1212,1219,1214,5067,1217,928,929,930,1110,1111,931,1112,1114,1115,635],"product_tag":[],"class_list":{"0":"post-5220","1":"product","2":"type-product","3":"status-publish","4":"has-post-thumbnail","6":"product_cat-03-2007-2013-bmw-x6-m-staggered-differenziato","7":"product_cat-03-2007-2013-bmw-x5-m-staggered-differenziato","8":"product_cat-03-2007-2013-bmw-x6","9":"product_cat-03-2007-2013-bmw-x3","10":"product_cat-03-2007-2013-bmw-x6-m-performance-x6","11":"product_cat-03-2007-2013-bmw-x5-m-performance-x5","12":"product_cat-03-2007-2013-bmw-x4","13":"product_cat-03-2007-2013-bmw-x6-hybrid-hy-x-hy","14":"product_cat-03-2007-2013","15":"product_cat-06-2014-2017-bmw-x6","16":"product_cat-06-2014-2017-bmw-x6-hybrid-hy-x-hy","17":"product_cat-06-2014-2017-bmw-x4","18":"product_cat-06-2014-2017-bmw-x6-m-performance-x6","19":"product_cat-06-2014-2017-bmw-x3","20":"product_cat-06-2014-2017-bmw-x5-m-performance-x5","21":"product_cat-06-2014-2017-bmw-x6-m-staggered-differenziato","22":"product_cat-06-2014-2017-bmw-x5-m-staggered-differenziato","23":"product_cat-06-2014-2017-bmw-x5","24":"product_cat-07-2009-08-2013-bmw-x6-m-performance-x6","25":"product_cat-07-2009-08-2013-bmw-x5-m-performance-x5","26":"product_cat-07-2009-08-2013-bmw-x4","27":"product_cat-07-2009-08-2013-bmw-x6-hybrid-hy-x-hy","28":"product_cat-07-2009-08-2013","29":"product_cat-07-2009-08-2013-bmw-x6-m-staggered-differenziato","30":"product_cat-07-2009-08-2013-bmw-x5-m-staggered-differenziato","31":"product_cat-07-2009-08-2013-bmw-x3","32":"product_cat-07-2009-08-2013-bmw-x6","33":"product_cat-11-2010-2017-bmw-x5-m-performance-x5","34":"product_cat-11-2010-2017-bmw-x6-m-staggered-differenziato","35":"product_cat-11-2010-2017-bmw-x3","36":"product_cat-11-2010-2017-bmw-x5-m-staggered-differenziato","37":"product_cat-11-2010-2017-bmw-x5","38":"product_cat-11-2010-2017-bmw-x6","39":"product_cat-11-2010-2017-bmw-x6-hybrid-hy-x-hy","40":"product_cat-11-2010-2017-bmw-x6-m-performance-x6","41":"product_cat-11-2010-2017-bmw-x4","42":"product_cat-2000-02-2007-bmw-x6-m-staggered-differenziato","43":"product_cat-2000-02-2007-bmw-x5-m-staggered-differenziato","44":"product_cat-2000-02-2007-bmw-x3","45":"product_cat-2000-02-2007-bmw-x6","46":"product_cat-2000-02-2007","47":"product_cat-2000-02-2007-bmw-x6-m-performance-x6","48":"product_cat-2000-02-2007-bmw-x5-m-performance-x5","49":"product_cat-2000-02-2007-bmw-x6-hybrid-hy-x-hy","50":"product_cat-2000-02-2007-bmw-x4","51":"product_cat-2003-10-2010-bmw-x4","52":"product_cat-2003-10-2010-bmw-x3","53":"product_cat-2003-10-2010-bmw-x6-m-performance-x6","54":"product_cat-2003-10-2010-bmw-x5-m-performance-x5","55":"product_cat-2003-10-2010-bmw-x6-m-staggered-differenziato","56":"product_cat-2003-10-2010-bmw-x5-m-staggered-differenziato","57":"product_cat-2003-10-2010-bmw-x5","58":"product_cat-2003-10-2010-bmw-x6","59":"product_cat-2003-10-2010-bmw-x6-hybrid-hy-x-hy","60":"product_cat-2008-2013-bmw-x6","61":"product_cat-2008-2013-bmw-x6-m-performance-x6","62":"product_cat-2008-2013-bmw-x5-m-performance-x5","63":"product_cat-2008-2013-bmw-x6-hybrid-hy-x-hy","64":"product_cat-2008-2013","65":"product_cat-2008-2013-bmw-x6-m-staggered-differenziato","66":"product_cat-2008-2013-bmw-x5-m-staggered-differenziato","67":"product_cat-2008-2013-bmw-x3","68":"product_cat-2008-2013-bmw-x4","69":"product_cat-2008-2019-bmw-x3","70":"product_cat-2008-2019-bmw-x6-m-staggered-differenziato","71":"product_cat-2008-2019-bmw-x5-m-staggered-differenziato","72":"product_cat-2008-2019-bmw-x4","73":"product_cat-2008-2019-bmw-x6","74":"product_cat-2008-2019-bmw-x6-m-performance-x6","75":"product_cat-2008-2019-bmw-x5-m-performance-x5","76":"product_cat-2008-2019-bmw-x6-hybrid-hy-x-hy","77":"product_cat-2008-2019","78":"product_cat-2014-2018","79":"product_cat-2014-2018-bmw-x6-m-staggered-differenziato","80":"product_cat-2014-2018-bmw-x5-m-staggered-differenziato","81":"product_cat-2014-2018-bmw-x3","82":"product_cat-2014-2018-bmw-x6","83":"product_cat-2014-2018-bmw-x6-m-performance-x6","84":"product_cat-2014-2018-bmw-x5-m-performance-x5","85":"product_cat-2014-2018-bmw-x4","86":"product_cat-2014-2018-bmw-x6-hybrid-hy-x-hy","87":"product_cat-2014-2019-bmw-x6-m-staggered-differenziato","88":"product_cat-2014-2019-bmw-x5-m-staggered-differenziato","89":"product_cat-2014-2019-bmw-x4","90":"product_cat-2014-2019-bmw-x6","91":"product_cat-2014-2019","92":"product_cat-2014-2019-bmw-x6-m-performance-x6","93":"product_cat-2014-2019-bmw-x5-m-performance-x5","94":"product_cat-2014-2019-bmw-x3","95":"product_cat-2014-2019-bmw-x6-hybrid-hy-x-hy","96":"product_cat-bmw-x3","97":"product_cat-bmw-x4","98":"product_cat-bmw-x5","99":"product_cat-bmw-x5-m-performance-x5","100":"product_cat-bmw-x5-m-staggered-differenziato","101":"product_cat-bmw-x6","102":"product_cat-bmw-x6-hybrid-hy-x-hy","103":"product_cat-bmw-x6-m-performance-x6","104":"product_cat-bmw-x6-m-staggered-differenziato","105":"product_cat-jantes","107":"first","108":"instock","109":"purchasable","110":"product-type-simple"},"acf":[],"_links":{"self":[{"href":"https:\/\/altaroda.es\/fr\/wp-json\/wp\/v2\/product\/5220","targetHints":{"allow":["GET"]}}],"collection":[{"href":"https:\/\/altaroda.es\/fr\/wp-json\/wp\/v2\/product"}],"about":[{"href":"https:\/\/altaroda.es\/fr\/wp-json\/wp\/v2\/types\/product"}],"replies":[{"embeddable":true,"href":"https:\/\/altaroda.es\/fr\/wp-json\/wp\/v2\/comments?post=5220"}],"version-history":[{"count":1,"href":"https:\/\/altaroda.es\/fr\/wp-json\/wp\/v2\/product\/5220\/revisions"}],"predecessor-version":[{"id":5221,"href":"https:\/\/altaroda.es\/fr\/wp-json\/wp\/v2\/product\/5220\/revisions\/5221"}],"wp:featuredmedia":[{"embeddable":true,"href":"https:\/\/altaroda.es\/fr\/wp-json\/wp\/v2\/media\/5222"}],"wp:attachment":[{"href":"https:\/\/altaroda.es\/fr\/wp-json\/wp\/v2\/media?parent=5220"}],"wp:term":[{"taxonomy":"product_brand","embeddable":true,"href":"https:\/\/altaroda.es\/fr\/wp-json\/wp\/v2\/product_brand?post=5220"},{"taxonomy":"product_cat","embeddable":true,"href":"https:\/\/altaroda.es\/fr\/wp-json\/wp\/v2\/product_cat?post=5220"},{"taxonomy":"product_tag","embeddable":true,"href":"https:\/\/altaroda.es\/fr\/wp-json\/wp\/v2\/product_tag?post=5220"}],"curies":[{"name":"wp","href":"https:\/\/api.w.org\/{rel}","templated":true}]}}

<p>9J19 X-MODE/IZ2X ET37 5X120 74,1 GBO.E. (BMW) Compatível com tampa central Peça Nr.. 36136783536Notas:<br />
                     &#8211; Preço unitário;<br />
                     &#8211; IVA à taxa em vigor incluído no preço;<br />
                     &#8211; Limitado ao stock existente;<br />
                     &#8211; Disponibilidade e preço carece de re-confirmação.</p>
