{"id":4719,"date":"2025-06-08T13:37:00","date_gmt":"2025-06-08T13:37:00","guid":{"rendered":"https:\/\/altaroda.es\/product\/monaco-d-20-black-mirror\/"},"modified":"2025-06-08T13:37:01","modified_gmt":"2025-06-08T13:37:01","slug":"monaco-d-20-black-mirror","status":"publish","type":"product","link":"https:\/\/altaroda.es\/fr\/product\/monaco-d-20-black-mirror\/","title":{"rendered":"MONACO-D 20 BLACK MIRROR"},"content":{"rendered":"<p>11J20 MONAC-D\/KY5 E59 5X130 71,6 BMO.E. (PORSCHE) Compat\u00edvel com tampa central Pe\u00e7a Nr.. 7PP601149 &#8211; TR\u00c1S &#8211; INCLUDOS DISCOS DE TRAV\u00c3O DE CER\u00c1MICA &#8211; FRENTE WITH 8,5&#215;19 &#8211; PARA RODAS HOMOLOGADAS VERIFIQUE OS DOCUMENTOS TUV-NAD \/ FOR HOMOLOGATED WHEELS PLEASE CHECK TUVCertifica\u00e7\u00f5es: MF8590-MZ1120 KY4-KY5-71,6Notas:<br \/>\n                     &#8211; Pre\u00e7o unit\u00e1rio;<br \/>\n                     &#8211; IVA \u00e0 taxa em vigor inclu\u00eddo no pre\u00e7o;<br \/>\n                     &#8211; Limitado ao stock existente;<br \/>\n                     &#8211; Disponibilidade e pre\u00e7o carece de re-confirma\u00e7\u00e3o.<\/p>","protected":false},"excerpt":{"rendered":"<p>11J20 MONAC-D\/KY5 E59 5X130 71,6 BMO.E. (PORSCHE) Compat\u00edvel com tampa central Pe\u00e7a Nr.. 7PP601149 &#8211; TR\u00c1S &#8211; INCLUDOS DISCOS DE TRAV\u00c3O DE CER\u00c1MICA &#8211; FRENTE WITH 8,5&#215;19 &#8211; PARA RODAS HOMOLOGADAS VERIFIQUE OS DOCUMENTOS TUV-NAD \/ FOR HOMOLOGATED WHEELS PLEASE CHECK TUVCertifica\u00e7\u00f5es: MF8590-MZ1120 KY4-KY5-71,6Notas:<br \/>\n                     &#8211; Pre\u00e7o unit\u00e1rio;<br \/>\n                     &#8211; IVA \u00e0 taxa em vigor inclu\u00eddo no pre\u00e7o;<br \/>\n                     &#8211; Limitado ao stock existente;<br \/>\n                     &#8211; Disponibilidade e pre\u00e7o carece de re-confirma\u00e7\u00e3o.<\/p>","protected":false},"featured_media":4721,"comment_status":"closed","ping_status":"open","template":"","meta":{"_acf_changed":false},"product_brand":[],"product_cat":[1020,1021,1022,1023,635,1018,1019],"product_tag":[],"class_list":{"0":"post-4719","1":"product","2":"type-product","3":"status-publish","4":"has-post-thumbnail","6":"product_cat-2019-porsche-911-carrera-992-s-4s-staggered-differenziato","7":"product_cat-2019-porsche-911-carrera-992-s-cabrio-4s-cabrio-staggered-differenziato","8":"product_cat-2019-porsche-911-carrera-992-s-4s-staggered-differenziato-2","9":"product_cat-2019-porsche-911-carrera-992-s-cabrio-4s-cabrio-staggered-differenziato-2","10":"product_cat-jantes","11":"product_cat-porsche-911-carrera-992-s-4s-staggered-differenziato","12":"product_cat-porsche-911-carrera-992-s-cabrio-4s-cabrio-staggered-differenziato","14":"first","15":"instock","16":"purchasable","17":"product-type-simple"},"acf":[],"_links":{"self":[{"href":"https:\/\/altaroda.es\/fr\/wp-json\/wp\/v2\/product\/4719","targetHints":{"allow":["GET"]}}],"collection":[{"href":"https:\/\/altaroda.es\/fr\/wp-json\/wp\/v2\/product"}],"about":[{"href":"https:\/\/altaroda.es\/fr\/wp-json\/wp\/v2\/types\/product"}],"replies":[{"embeddable":true,"href":"https:\/\/altaroda.es\/fr\/wp-json\/wp\/v2\/comments?post=4719"}],"version-history":[{"count":1,"href":"https:\/\/altaroda.es\/fr\/wp-json\/wp\/v2\/product\/4719\/revisions"}],"predecessor-version":[{"id":4720,"href":"https:\/\/altaroda.es\/fr\/wp-json\/wp\/v2\/product\/4719\/revisions\/4720"}],"wp:featuredmedia":[{"embeddable":true,"href":"https:\/\/altaroda.es\/fr\/wp-json\/wp\/v2\/media\/4721"}],"wp:attachment":[{"href":"https:\/\/altaroda.es\/fr\/wp-json\/wp\/v2\/media?parent=4719"}],"wp:term":[{"taxonomy":"product_brand","embeddable":true,"href":"https:\/\/altaroda.es\/fr\/wp-json\/wp\/v2\/product_brand?post=4719"},{"taxonomy":"product_cat","embeddable":true,"href":"https:\/\/altaroda.es\/fr\/wp-json\/wp\/v2\/product_cat?post=4719"},{"taxonomy":"product_tag","embeddable":true,"href":"https:\/\/altaroda.es\/fr\/wp-json\/wp\/v2\/product_tag?post=4719"}],"curies":[{"name":"wp","href":"https:\/\/api.w.org\/{rel}","templated":true}]}}

<p>11J20 MONAC-D/KY5 E59 5X130 71,6 BMO.E. (PORSCHE) Compatível com tampa central Peça Nr.. 7PP601149 &#8211; TRÁS &#8211; INCLUDOS DISCOS DE TRAVÃO DE CERÁMICA &#8211; FRENTE WITH 8,5&#215;19 &#8211; PARA RODAS HOMOLOGADAS VERIFIQUE OS DOCUMENTOS TUV-NAD / FOR HOMOLOGATED WHEELS PLEASE CHECK TUVCertificações: MF8590-MZ1120 KY4-KY5-71,6Notas:<br />
                     &#8211; Preço unitário;<br />
                     &#8211; IVA à taxa em vigor incluído no preço;<br />
                     &#8211; Limitado ao stock existente;<br />
                     &#8211; Disponibilidade e preço carece de re-confirmação.</p>
