{"id":4647,"date":"2025-06-08T13:36:40","date_gmt":"2025-06-08T13:36:40","guid":{"rendered":"https:\/\/altaroda.es\/product\/speciale-20-gloss-black\/"},"modified":"2025-06-08T13:36:41","modified_gmt":"2025-06-08T13:36:41","slug":"speciale-20-gloss-black","status":"publish","type":"product","link":"https:\/\/altaroda.es\/fr\/product\/speciale-20-gloss-black\/","title":{"rendered":"SPECIALE 20 GLOSS BLACK"},"content":{"rendered":"<p>8,5J20 SPECI\/GG3 ET45 5X108 RS72 GBAPAENAS PARA DISCOS DE TRAV\u00c3O COM DIAMETRO MAX DE 370mm E 233Kw &#8211; ONLY FOR CAR WITH A BRAKE DISC DIAMETER MAX 370mm AND 233KwNotas:<br \/>\n                     &#8211; Pre\u00e7o unit\u00e1rio;<br \/>\n                     &#8211; IVA \u00e0 taxa em vigor inclu\u00eddo no pre\u00e7o;<br \/>\n                     &#8211; Limitado ao stock existente;<br \/>\n                     &#8211; Disponibilidade e pre\u00e7o carece de re-confirma\u00e7\u00e3o.<\/p>","protected":false},"excerpt":{"rendered":"<p>8,5J20 SPECI\/GG3 ET45 5X108 RS72 GBAPAENAS PARA DISCOS DE TRAV\u00c3O COM DIAMETRO MAX DE 370mm E 233Kw &#8211; ONLY FOR CAR WITH A BRAKE DISC DIAMETER MAX 370mm AND 233KwNotas:<br \/>\n                     &#8211; Pre\u00e7o unit\u00e1rio;<br \/>\n                     &#8211; IVA \u00e0 taxa em vigor inclu\u00eddo no pre\u00e7o;<br \/>\n                     &#8211; Limitado ao stock existente;<br \/>\n                     &#8211; Disponibilidade e pre\u00e7o carece de re-confirma\u00e7\u00e3o.<\/p>","protected":false},"featured_media":4649,"comment_status":"closed","ping_status":"open","template":"","meta":{"_acf_changed":false},"product_brand":[],"product_cat":[666,657,662,667,658,663,668,659,664,660,665,661,671,672,669,670,635,653,654,655,656],"product_tag":[],"class_list":{"0":"post-4647","1":"product","2":"type-product","3":"status-publish","4":"has-post-thumbnail","6":"product_cat-2018-volvo-s60-polestar-3","7":"product_cat-657","8":"product_cat-2018-volvo-s60-polestar-2","9":"product_cat-2018-volvo-v60-polestar-3","10":"product_cat-2018-volvo-s60-polestar","11":"product_cat-2018-volvo-v60-polestar-2","12":"product_cat-2018-volvo-xc60-polestar-3","13":"product_cat-2018-volvo-v60-polestar","14":"product_cat-2018-volvo-xc60-polestar-2","15":"product_cat-2018-volvo-xc60-polestar","16":"product_cat-2018-polestar-polestar-4-not-brembo-brakes-4-2","17":"product_cat-2018-polestar-polestar-4-not-brembo-brakes-4","18":"product_cat-2024-volvo-v60-polestar","19":"product_cat-2024-volvo-xc60-polestar","20":"product_cat-2024-polestar-polestar-4-not-brembo-brakes-4","21":"product_cat-2024-volvo-s60-polestar","22":"product_cat-jantes","23":"product_cat-polestar-polestar-4-not-brembo-brakes-4","24":"product_cat-volvo-s60-polestar","25":"product_cat-volvo-v60-polestar","26":"product_cat-volvo-xc60-polestar","28":"first","29":"instock","30":"purchasable","31":"product-type-simple"},"acf":[],"_links":{"self":[{"href":"https:\/\/altaroda.es\/fr\/wp-json\/wp\/v2\/product\/4647","targetHints":{"allow":["GET"]}}],"collection":[{"href":"https:\/\/altaroda.es\/fr\/wp-json\/wp\/v2\/product"}],"about":[{"href":"https:\/\/altaroda.es\/fr\/wp-json\/wp\/v2\/types\/product"}],"replies":[{"embeddable":true,"href":"https:\/\/altaroda.es\/fr\/wp-json\/wp\/v2\/comments?post=4647"}],"version-history":[{"count":1,"href":"https:\/\/altaroda.es\/fr\/wp-json\/wp\/v2\/product\/4647\/revisions"}],"predecessor-version":[{"id":4648,"href":"https:\/\/altaroda.es\/fr\/wp-json\/wp\/v2\/product\/4647\/revisions\/4648"}],"wp:featuredmedia":[{"embeddable":true,"href":"https:\/\/altaroda.es\/fr\/wp-json\/wp\/v2\/media\/4649"}],"wp:attachment":[{"href":"https:\/\/altaroda.es\/fr\/wp-json\/wp\/v2\/media?parent=4647"}],"wp:term":[{"taxonomy":"product_brand","embeddable":true,"href":"https:\/\/altaroda.es\/fr\/wp-json\/wp\/v2\/product_brand?post=4647"},{"taxonomy":"product_cat","embeddable":true,"href":"https:\/\/altaroda.es\/fr\/wp-json\/wp\/v2\/product_cat?post=4647"},{"taxonomy":"product_tag","embeddable":true,"href":"https:\/\/altaroda.es\/fr\/wp-json\/wp\/v2\/product_tag?post=4647"}],"curies":[{"name":"wp","href":"https:\/\/api.w.org\/{rel}","templated":true}]}}

<p>8,5J20 SPECI/GG3 ET45 5X108 RS72 GBAPAENAS PARA DISCOS DE TRAVÃO COM DIAMETRO MAX DE 370mm E 233Kw &#8211; ONLY FOR CAR WITH A BRAKE DISC DIAMETER MAX 370mm AND 233KwNotas:<br />
                     &#8211; Preço unitário;<br />
                     &#8211; IVA à taxa em vigor incluído no preço;<br />
                     &#8211; Limitado ao stock existente;<br />
                     &#8211; Disponibilidade e preço carece de re-confirmação.</p>
