{"id":1102,"date":"2025-04-25T11:11:05","date_gmt":"2025-04-25T11:11:05","guid":{"rendered":"https:\/\/altaroda.es\/?post_type=product&#038;p=1102"},"modified":"2025-04-25T11:11:05","modified_gmt":"2025-04-25T11:11:05","slug":"herramienta-de-alineacion-trasera-porsche-e-tron","status":"publish","type":"product","link":"https:\/\/altaroda.es\/fr\/product\/herramienta-de-alineacion-trasera-porsche-e-tron\/","title":{"rendered":"Herramienta de alineaci\u00f3n trasera Porsche\/E-tron"},"content":{"rendered":"<p>Un par de ir a trav\u00e9s de tomas de largo dise\u00f1ado espec\u00edficamente para ser utilizados juntos para ajustar la convergencia trasera (seguimiento) en el \u00faltimo modelo Porsche Taycan y Audi e-tron modelos.<\/p>\n<p><strong>Las aplicaciones incluyen:<\/strong> Audi e-Tron (a partir de 2021) y Porsche Taycan (a partir de 2020).<br \/>\nPara el ajuste de la tracci\u00f3n trasera.<br \/>\n<strong>Tama\u00f1o:<\/strong> Toma exterior M18 con toma interior de 9 mm.<br \/>\nEquivalente al OEM T90009.<br \/>\nUtilizar de acuerdo con las instrucciones del fabricante.<\/p>","protected":false},"excerpt":{"rendered":"<p>Un par de ir a trav\u00e9s de tomas de largo dise\u00f1ado espec\u00edficamente para ser utilizados juntos para ajustar la convergencia trasera (seguimiento) en el \u00faltimo modelo Porsche Taycan y Audi e-tron modelos. Las aplicaciones incluyen: Audi e-Tron (a partir de 2021) y Porsche Taycan (a partir de 2020). Para el ajuste de la tracci\u00f3n trasera. [&hellip;]<\/p>","protected":false},"featured_media":0,"comment_status":"open","ping_status":"closed","template":"","meta":{"_acf_changed":false},"product_brand":[148],"product_cat":[43],"product_tag":[150,152,149,151],"class_list":{"0":"post-1102","1":"product","2":"type-product","3":"status-publish","5":"product_brand-laser-tools","6":"product_cat-herramientas","7":"product_tag-audi","8":"product_tag-e-tron","9":"product_tag-porsche","10":"product_tag-taycan","12":"first","13":"instock","14":"taxable","15":"shipping-taxable","16":"purchasable","17":"product-type-simple"},"acf":[],"_links":{"self":[{"href":"https:\/\/altaroda.es\/fr\/wp-json\/wp\/v2\/product\/1102","targetHints":{"allow":["GET"]}}],"collection":[{"href":"https:\/\/altaroda.es\/fr\/wp-json\/wp\/v2\/product"}],"about":[{"href":"https:\/\/altaroda.es\/fr\/wp-json\/wp\/v2\/types\/product"}],"replies":[{"embeddable":true,"href":"https:\/\/altaroda.es\/fr\/wp-json\/wp\/v2\/comments?post=1102"}],"version-history":[{"count":0,"href":"https:\/\/altaroda.es\/fr\/wp-json\/wp\/v2\/product\/1102\/revisions"}],"wp:attachment":[{"href":"https:\/\/altaroda.es\/fr\/wp-json\/wp\/v2\/media?parent=1102"}],"wp:term":[{"taxonomy":"product_brand","embeddable":true,"href":"https:\/\/altaroda.es\/fr\/wp-json\/wp\/v2\/product_brand?post=1102"},{"taxonomy":"product_cat","embeddable":true,"href":"https:\/\/altaroda.es\/fr\/wp-json\/wp\/v2\/product_cat?post=1102"},{"taxonomy":"product_tag","embeddable":true,"href":"https:\/\/altaroda.es\/fr\/wp-json\/wp\/v2\/product_tag?post=1102"}],"curies":[{"name":"wp","href":"https:\/\/api.w.org\/{rel}","templated":true}]}}

Herramienta de alineación trasera Porsche/E-tron

<p>Un par de ir a través de tomas de largo diseñado específicamente para ser utilizados juntos para ajustar la convergencia trasera (seguimiento) en el último modelo Porsche Taycan y Audi e-tron modelos.</p>
<p><strong>Las aplicaciones incluyen:</strong> Audi e-Tron (a partir de 2021) y Porsche Taycan (a partir de 2020).<br />
Para el ajuste de la tracción trasera.<br />
<strong>Tamaño:</strong> Toma exterior M18 con toma interior de 9 mm.<br />
Equivalente al OEM T90009.<br />
Utilizar de acuerdo con las instrucciones del fabricante.</p>

<p>Un par de ir a través de tomas de largo diseñado específicamente para ser utilizados juntos para ajustar la convergencia trasera (seguimiento) en el último modelo Porsche Taycan y Audi e-tron modelos. Las aplicaciones incluyen: Audi e-Tron (a partir de 2021) y Porsche Taycan (a partir de 2020). Para el ajuste de la tracción trasera. [&hellip;]</p>
