{"id":4493,"date":"2025-05-26T15:42:30","date_gmt":"2025-05-26T15:42:30","guid":{"rendered":"https:\/\/altaroda.es\/product\/tampa-acrilico-moca-caixa-automatica-bmw-serie-5-6-7-x3-x4-g11-g02-g30-g01-g02\/"},"modified":"2025-05-26T15:42:59","modified_gmt":"2025-05-26T15:42:59","slug":"tampa-acrilico-moca-caixa-automatica-bmw-serie-5-6-7-x3-x4-g11-g02-g30-g01-g02","status":"publish","type":"product","link":"https:\/\/altaroda.es\/en\/product\/tampa-acrilico-moca-caixa-automatica-bmw-serie-5-6-7-x3-x4-g11-g02-g30-g01-g02\/","title":{"rendered":"Tampa Acr\u00edlico Moca Caixa Autom\u00e1tica BMW S\u00e9rie 5 6 7 X3 X4 G11 G02 G30 G01 G02"},"content":{"rendered":"","protected":false},"excerpt":{"rendered":"","protected":false},"featured_media":4495,"comment_status":"closed","ping_status":"open","template":"","meta":{"_acf_changed":false},"product_brand":[168,504,366,505,437,628],"product_cat":[494],"product_tag":[],"class_list":{"0":"post-4493","1":"product","2":"type-product","3":"status-publish","4":"has-post-thumbnail","6":"product_brand-bmw","7":"product_brand-serie-5-g30-g31-g38-f90","8":"product_brand-serie-6gt-g32","9":"product_brand-serie-7-g11-g12","10":"product_brand-x3-g01-f97","11":"product_brand-x4-g02-f98","12":"product_cat-molduras-alavancas-de-velocidade","14":"first","15":"instock","16":"purchasable","17":"product-type-simple"},"acf":[],"_links":{"self":[{"href":"https:\/\/altaroda.es\/en\/wp-json\/wp\/v2\/product\/4493","targetHints":{"allow":["GET"]}}],"collection":[{"href":"https:\/\/altaroda.es\/en\/wp-json\/wp\/v2\/product"}],"about":[{"href":"https:\/\/altaroda.es\/en\/wp-json\/wp\/v2\/types\/product"}],"replies":[{"embeddable":true,"href":"https:\/\/altaroda.es\/en\/wp-json\/wp\/v2\/comments?post=4493"}],"version-history":[{"count":1,"href":"https:\/\/altaroda.es\/en\/wp-json\/wp\/v2\/product\/4493\/revisions"}],"predecessor-version":[{"id":4494,"href":"https:\/\/altaroda.es\/en\/wp-json\/wp\/v2\/product\/4493\/revisions\/4494"}],"wp:featuredmedia":[{"embeddable":true,"href":"https:\/\/altaroda.es\/en\/wp-json\/wp\/v2\/media\/4495"}],"wp:attachment":[{"href":"https:\/\/altaroda.es\/en\/wp-json\/wp\/v2\/media?parent=4493"}],"wp:term":[{"taxonomy":"product_brand","embeddable":true,"href":"https:\/\/altaroda.es\/en\/wp-json\/wp\/v2\/product_brand?post=4493"},{"taxonomy":"product_cat","embeddable":true,"href":"https:\/\/altaroda.es\/en\/wp-json\/wp\/v2\/product_cat?post=4493"},{"taxonomy":"product_tag","embeddable":true,"href":"https:\/\/altaroda.es\/en\/wp-json\/wp\/v2\/product_tag?post=4493"}],"curies":[{"name":"wp","href":"https:\/\/api.w.org\/{rel}","templated":true}]}}

Tampa Acrílico Moca Caixa Automática BMW Série 5 6 7 X3 X4 G11 G02 G30 G01 G02
