{"id":4485,"date":"2025-05-26T15:42:30","date_gmt":"2025-05-26T15:42:30","guid":{"rendered":"https:\/\/altaroda.es\/product\/grelha-ventilacao-central-esquerda-bmw-serie-1-2-3-4-x3-x4-z4-f40-f44-g20-g26-g01-g29-2019-2022\/"},"modified":"2025-05-26T15:42:47","modified_gmt":"2025-05-26T15:42:47","slug":"grelha-ventilacao-central-esquerda-bmw-serie-1-2-3-4-x3-x4-z4-f40-f44-g20-g26-g01-g29-2019-2022","status":"publish","type":"product","link":"https:\/\/altaroda.es\/en\/product\/grelha-ventilacao-central-esquerda-bmw-serie-1-2-3-4-x3-x4-z4-f40-f44-g20-g26-g01-g29-2019-2022\/","title":{"rendered":"Grelha Ventila\u00e7\u00e3o Central Esquerda BMW S\u00e9rie 1 2 3 4 X3 X4 Z4 F40 F44 G20 G26 G01 G29 2019-2022"},"content":{"rendered":"","protected":false},"excerpt":{"rendered":"","protected":false},"featured_media":4487,"comment_status":"closed","ping_status":"open","template":"","meta":{"_acf_changed":false},"product_brand":[168,574,573,238,368,437,628,629],"product_cat":[631],"product_tag":[],"class_list":{"0":"post-4485","1":"product","2":"type-product","3":"status-publish","4":"has-post-thumbnail","6":"product_brand-bmw","7":"product_brand-serie-1-f40","8":"product_brand-serie-2-f44","9":"product_brand-serie-3-g20-g28","10":"product_brand-serie-4-g26","11":"product_brand-x3-g01-f97","12":"product_brand-x4-g02-f98","13":"product_brand-z4-g29","14":"product_cat-grelhas","16":"first","17":"instock","18":"purchasable","19":"product-type-simple"},"acf":[],"_links":{"self":[{"href":"https:\/\/altaroda.es\/en\/wp-json\/wp\/v2\/product\/4485","targetHints":{"allow":["GET"]}}],"collection":[{"href":"https:\/\/altaroda.es\/en\/wp-json\/wp\/v2\/product"}],"about":[{"href":"https:\/\/altaroda.es\/en\/wp-json\/wp\/v2\/types\/product"}],"replies":[{"embeddable":true,"href":"https:\/\/altaroda.es\/en\/wp-json\/wp\/v2\/comments?post=4485"}],"version-history":[{"count":1,"href":"https:\/\/altaroda.es\/en\/wp-json\/wp\/v2\/product\/4485\/revisions"}],"predecessor-version":[{"id":4486,"href":"https:\/\/altaroda.es\/en\/wp-json\/wp\/v2\/product\/4485\/revisions\/4486"}],"wp:featuredmedia":[{"embeddable":true,"href":"https:\/\/altaroda.es\/en\/wp-json\/wp\/v2\/media\/4487"}],"wp:attachment":[{"href":"https:\/\/altaroda.es\/en\/wp-json\/wp\/v2\/media?parent=4485"}],"wp:term":[{"taxonomy":"product_brand","embeddable":true,"href":"https:\/\/altaroda.es\/en\/wp-json\/wp\/v2\/product_brand?post=4485"},{"taxonomy":"product_cat","embeddable":true,"href":"https:\/\/altaroda.es\/en\/wp-json\/wp\/v2\/product_cat?post=4485"},{"taxonomy":"product_tag","embeddable":true,"href":"https:\/\/altaroda.es\/en\/wp-json\/wp\/v2\/product_tag?post=4485"}],"curies":[{"name":"wp","href":"https:\/\/api.w.org\/{rel}","templated":true}]}}

Grelha Ventilação Central Esquerda BMW Série 1 2 3 4 X3 X4 Z4 F40 F44 G20 G26 G01 G29 2019-2022
